0))?
93
Evaluate 69 - (20 - 1 - (1 + 16 + -6)) - 4.
57
Evaluate 24 + -2 + 7 - (62 - 45).
12
Calculate 3 - ((53 - (15 + -8)) + 14).
-57
-61 - 0 - (2352 + -2341)
-72
38 - (-99 - (83 + -114))
106
Calculate (-570 - -494) + (-30 - 0 - 2).
-108
What is -759 + 745 - (14 + -3)?
-25
Calculate (-31 - 4) + 7 - -21 - 4.
-11
Calculate (90 + 12 - 79) + 2 + 36.
61
Evaluate (-15 - 5) + -4 - (-1 + 11).
-34
Calculate 3 + (1 - 27 - -21 - (2 + (-85 - 1))).
82
Calculate 6 + 9 - (45 + 3 + -21 + 20).
-32
What is 38 + -20 - (-21 - (-4 - 8))?
27
What is 16 - (106 - (5 + (6 - (5 + 4))))?
-88
What is the value of 42 - (-43 - (-10 - 55))?
20
What is 2330 + -2347 - ((0 - 1) + -92)?
76
Evaluate (0 - -4) + 24 + 17 + -69 - (10 + -1).
-33
What is the value of -2 - (5 + 3 + -7 - (-39 + 23))?
-19
What is the value of 10 - (25 - (5 - 1))?
-11
(-113 - -46) + 55 + (1 + 3 - (-3 + 25))
-30
What is -1579 - -1559 - ((-1 - 33) + -4)?
18
What is (-2 - (-17 + 1)) + -5 + 12 + -4 + -87?
-70
Calculate -9 + -6 + (-24 - -17) + 1 - (-6 + -2).
-13
Evaluate (0 - 1) + 79 - (-4886 + 4914).
50
Calculate 49 + (0 - (-8 + 29 + -1)).
29
Calculate -6 - (-72 + (8 - 4) + (-4 - (15 - 6))).
75
Calculate -45 + 44 + -3 + -16 - -38.
18
Calculate (12 - ((-7 - -13) + -4 + 3)) + 93 + -20.
80
-80 + (243 - 105) + -88
-30
Calculate (9 + -12 - -2) + -1 + (-4 - 21).
-27
62 + (11 - (-12 + 41) - (-9 + 0)) + 10
63
What is the value of -19 - (-24 + (-22 - -6))?
21
What is the value of 11 - 0 - 12 - (84 + (23 - 18))?
-90
-14 - (-48 + 21 + 41)
-28
Calculate -54 + 9 - (-13 - 16).
-16
Evaluate -17 - (-4 + -16 + 44 + -17).
-24
Calculate 742 + -755 - (-3 + 2 - -37).
-49
What is the value of 183 - (214 - (82 - -21))?
72
What is -88 + 5 + -1403 + 1423?
-63
What is the value of 11 + 2 - (152 + -261 + 130)?
-8
What is 320 + -313 - (1 + 27)?
-21
Evaluate -30 - (124 + -66) - -200.
112
-29 + (4 - 60 - (-624 - -664))
-125
What is 6 - -13 - (-37 + 62) - (-4 - 0 - -97)?
-99
Evaluate -4 + 8 + -2 + -14 + 16 + -15.
-11
Evaluate (-2 + 0 - (-41 + 17 + 23 + 71)) + 0.
-72
Calculate -62 + 110 - 46 - ((0 - 1 - -3) + 87).
-87
Calculate -2 + -2 + 56 + -3 + 21 + -22.
48
0 + -25 + 1 + (13 - (-7 - -9))
-13
What is 14 + (4 - 12) - (47 + -3)?
-38
Evaluate (17 - -74) + 5 + 11 - (3 + -3 - -4).
103
4 - (-12 - (-19 + 32)) - 8
21
30 + -35 + -127 + 84
-48
Evaluate -12 + (-4 - 1 - -3) + -33 + 37.
-10
What is the value of -6 - 20 - (-1 - 39)?
14
Calculate (2 - -2 - 13) + -20 - 8.
-37
Evaluate -91 + (9 - 23 - ((-53 - -14) + 8)).
-74
46 + (-13 - 29) + -76 + 1
-71
What is the value of 1 + (-4 - -10) + (7 - 10) + (14 - 7)?
11
-3 - 3 - ((-25 - (-8 - 4)) + 11)
-4
10 + -19 + 38 + -15 + -24 + 2 - 5
-13
Evaluate (-24 - -131) + (-1 - 63).
43
Calculate 51 - (2 - 3 - (0 - -15)) - (-5 + -2).
74
What is the value of -61 + 86 + -107 + 44?
-38
What is the value of -129 + 20 - -129 - (31 - -5)?
-16
Evaluate (-2 - (-6 + 44)) + (22 + -56 - -20).
-54
What is the value of -1 - -3 - (187 + -282) - (9 - 1)?
89
Evaluate 4 + -2 - ((15 - -23 - 12) + -6).
-18
Calculate -3 + 4 + 13 + -17 + -14 + -16.
-33
66 + -43 + 17 + -68
-28
Calculate (18 + -19 - 8) + 17 + -1 - 35.
-28
Calculate -248 - -448 - (88 - -35).
77
What is 13 + 5 + (30 - 61) + 1?
-12
What is the value of 6 + 30 - (-39 + 4) - 30?
41
Calculate -64 + 22 - (-12 - ((-1 - -13) + -21 + -17)).
-56
-10 + 43 + (-58 - -40)
15
14 - (7 + -9) - (128 + -91)
-21
What is the value of -3 + 0 + -23 - (1605 + -1628)?
-3
What is the value of -1 - -16 - (1 + 15 - (-1 + 6 + 1))?
5
What is the value of 1 - (0 + -66 + 0 + -7 - 2 - -13)?
63
Evaluate -25 + (-36 - (-6 + -9)) + -37.
-83
Evaluate (-25 - -1) + 2 + 9 + (-30 - (-25 - -10)).
-28
377 + -300 - (1 - -28)
48
What is the value of -1 + -2 - (20 + -17) - (52 + (-52 - -35))?
-41
-8 + 15 + -22 - (-33 + 4) - -41
55
Calculate (106 - -2 - 9) + (121 - 136).
84
-10374 + 10429 - (-1 + -23)
79
What is the value of -9 - ((6 - 7) + -45 - 7)?
44
-11 + 3 + (-11 - -17 - 4) + 6
0
23 - 5 - ((-10 - 10) + 50)
-12
What is the value of 0 + 71 - (-3423 - -3407)?
87
Evaluate -101 - (55 + (-62 - 43)).
-51
What is -40 + -2 - (-190 + 156) - -97?
89
Evaluate 2 + 89 + -16 + 2 + (0 - 2).
75
Evaluate 5 - (-6 + -61 + 60 + -4 + -2 - -63).
-45
Evaluate (-44 + -9 + 17 - (-15 + -2)) + 46.
27
What is -2 - 1 - -25 - (-731 + 685)?
68
What is -2 + (-3 + 3 - (-32 - -36)) + -9?
-15
8 - (-7 + 3 + (-3 - (-21 + 5)))
-1
-14 - (12 + -11 + -15 + 10) - 27
-37
What is the value of (1 - 37) + 14159 + -14103?
20
(90 + -54 - 43) + (22 + -1 - (2 - 3))
15
What is -26 + (37 - 59 - -25)?
-23
What is the value of 30 - (-77 + 34 + 71) - -20?
22
Evaluate 4 + 27 - 29 - (-132 + (-8 - -7) + -5).
140
48 - (39 - (-75 + 85))
19
Calculate 54 + -77 - (6 + (-7 - -2) + (-8 - -3)).
-19
What is -21 - 6 - -20 - (4 + 2)?
-13
Evaluate -275 + 261 + (-111 - -4) + 4 + -1 + 15.
-103
What is -76 + 0 + (-10 - -19) - (-1 + -10)?
-56
Calculate -37 + (63 - -3) - 6.
23
What is the value of 8653 + -8667 - (-3 + (-52 - -3))?
38
Calculate (-10 - (-85 - -19)) + -20.
36
Evaluate 0 + -140 - (-47532 - -47488).
-96
-88 + (38 - -94 - -65)
109
What is -3 + 128 + -57 + -26?
42
Calculate 76 + -157 + 190 + -143.
-34
Evaluate 28 + (-61 + 100 - 31).
36
Calculate -12 + -29 + 45 - ((0 - -13) + 0) - -88.
79
Calculate -12 - (6 + 7 + (-29 - -9) - 7).
2
What is -48 + (49 - 22) + -8?
-29
What is the value of -2 + 17 - ((1 - -15) + (-8 - -1)) - 8?
-2
What is -52 - ((35 + -3 - (-116 - -131)) + -1)?
-68
Evaluate (2 + -1 - 2 - -39) + -117 + 98 + 11.
30
What is (-50 - -67) + (-9 + 9 - -28)?
45
(37 - 1) + (-85 + 63 - -25)
39
-42 + -116 + 68 - -76
-14
Calculate -16 - ((0 - -3) + 74 + -68 + -13).
-12
(-1 + (29 - -1) - ((38 - 19) + -21)) + -1
30
What is the value of -55 - (13 + (-9 - 14) + -5) - 23?
-63
(10 - 0) + 2 + (-116 - 1 - (-154 + 161))
-112
What is (8 + -6 - 32) + 6 - (-10 - (13 - 18))?
-19
3 + (4 - 11) + (6 - (79 - (8 - 6)))
-75
Calculate -9 + -15 - (-27 - -12).
-9
196 + -208 + 18 + 12 + (0 - 1)
17
What is the value of -14 - -3 - (-2 + 0 + -6 + 12)?
-15
Evaluate (55 - -3) + -124 - -83.
17
(22 - -28) + (175 - 117)
108
Calculate 60 - -1 - (-19 - (-26 - -5) - (7 - 4)).
62
Calculate -31 + (-12 + (12 - 0) - -10) + (3 - 7).
-25
Evaluate (94 - (-69 + 117)) + (0 - -20).
66
-114 + (31 - 64) - -107
-40
Evaluate -46 + (41 - (-9 + 9)).
-5
What is -60 + (-21 - -35 - 23 - -18)?
-51
Evaluate -26 + (-18 - -48) + (-2 - (3 + -6)).
5
Calculate (163 - 367 - -100) + 62.
-42
Calculate 7 - (60 - -40 - 85).
-8
Evaluate -76 + (-79 - -157) + -20.
-18
Calculate (-24 + 13 + 7 - (-4 + 0)) + -803 + 676.
-127
(58 - 11) + -121 + 114
40
Calculate (-72 - (30 - 80)) + (-2 - 28).
-52
Calculate (45 + -28 - (27 + 0)) + (25 + -3 - 4).
8
What is (909 - 928) + 126 + -6 + 1 + 1?
103
40 + (-10 - (-22 + 11) - -18)
59
What is (1 - (31 + 7 + -18)) + -18?
-37
What is the value of -110 - -1 - (453 + 391 + -874)?
-79
Calculate (-20 - (0 + (-17 - -12) + -4 + 3)) + 36.
22
What is -18 + (-26 - (-2 - 1)) + 24?
-17
What is the value of -1 + 51 + 15 + 4?
69
(-18 + 10 - (23 + -2 + -8 + 7)) + -5
-33
What is (-10 - -49) + 79 + -85?
33
(-2 - -19) + -2 + 71 + -24 + -94
-32
Evaluate -12 + 86 + -33 + 23 + -6.
58
Evaluate -47 - (-25 + 4 + 47).
-73
-11 + (22 - -1) + -14 + 69
67
What is the value of 1 + 13 - (-2674 - -2739)?
-51
What is the value of -32 + (14 - 23) + -3 - (5 - 11)?
-38
Calculate -3 + 8 + 0 + (80 + -60 - 59).
-34
-77 + (-2 - -15 - 57) + 3
-118
Calculate -60 + 4 + 0 + -2 - (147 + -146).
-59
Calculate 5 - (256 - 280 - (-2 + -19)).
8
What is the value of 74 + -48 + -68 - -45?
3
What is the value of 4 + (21 - 25) + 4 - 43?
-39
(-12 - (-3 + 0)) + 758 + -753
-4
141 + -30 + -69 - (2 + 2 - 0)
38
Calculate -95 + 35 + 39 + -58.
-79
96 - 27 - (202 - 27)
-106
11792 + -11797 - (1 + (1 - 2 - 66) + 1)
60
Evaluate (2 - (-7 + 6)) + 6 + (-13 + 9 - 7).
-2
What is the value of 16 + (-35 - -1) + 21 + (26 - -2)?
31
What is ((-10 - 0) + 1 - (52 + -13 - 43)) + -1?
-6
Calculate 0 + 4 + (29 - (-94 + (26 - 7) + 24)).
84
Calculate (-1860 - -1938) + 1 + -3.
76
Evaluate 107 + -113 - (-14 + 12 + -6).
2
Evaluate (-29 - 4 - 16) + 17.
-32
Calculate (84 - 90) + (2 - (-41 + -1 - -8)).
30
-33 - (9 + 13 - 1)
-54
Calculate -57 + (-14 - (-73 - -15)).
-13
Calculate 46 + -8 + -8 + (-680 - -694).
44
What is 149 + -160 - (-18 - (-1 - -1)) - 56?
-49
-44 + (-52 - 37) + 53
-80
What is (2486 -